te the greatest common divisor of 11 and p.
11
Suppose 339 - 114 = 5*q. Suppose -b + q = 4*b. What is the greatest common factor of b and 3?
3
Let b be (-6)/(-21) - (-313)/7. Calculate the greatest common factor of 5 and b.
5
Let h be (76/(-10))/((-3)/15). Suppose -n = n - h. What is the greatest common factor of 19 and n?
19
Let c = 11 - 7. Suppose 2*i + 43 = 5*b - 2*i, 0 = -b + c*i + 15. What is the greatest common factor of b and 7?
7
Let z be (5/1)/((-2)/6). Let k = -12 - z. What is the highest common divisor of 18 and k?
3
Let u(a) = -a + 21. Let t be u(9). Calculate the greatest common divisor of t and 96.
12
Let h = 8 + -13. Suppose 2*m - b + 16 = 0, 2*b - b = 5*m + 40. Let t = h - m. What is the greatest common divisor of 12 and t?
3
Suppose r + 0*r - 102 = 0. Suppose g = -2 - 0. Let x = r - g. What is the greatest common divisor of 13 and x?
13
Let w(p) = -p**2 - 7*p + 2. Let f be w(-7). Let q(n) = 0*n - 3*n**f - 5*n - 3*n + 2 + 4*n**2. Let x be q(8). Calculate the greatest common factor of x and 22.
2
Let d(a) be the third derivative of a**6/120 - a**5/12 - 5*a**4/24 - 2*a**3/3 + a**2. Let s be d(6). Calculate the highest common factor of s and 18.
2
Let o = 3 + 4. Let i = 14 + -7. What is the greatest common divisor of o and i?
7
Let b = 15 - 7. What is the greatest common factor of b and 88?
8
Let j(v) = 6*v + 6. Let w be j(5). Let p be (-1)/(9/12 + -1). What is the highest common divisor of w and p?
4
Suppose -4*o = o - 40. Suppose -4*l - 48 = -o*l. Calculate the greatest common factor of l and 8.
4
Let w(k) = k**3 + 8*k**2 + 9*k. Let z be w(-6). Calculate the greatest common divisor of 27 and z.
9
Suppose -4*y + 28 = 4*l, -y = -l + 2 + 1. Suppose -l*w = -102 - 63. Let g be 2/6 + 16/6. Calculate the greatest common divisor of g and w.
3
Let z(a) = 49*a - 2. Let q be z(3). Let g = 383 + q. Suppose 3*s = 3*o - 324, -5*o + g = s - 2*s. What is the greatest common divisor of o and 42?
21
Suppose 3 = 2*z - 11. What is the greatest common factor of z and 7?
7
Suppose -2*k = 2*k - 20. Let u(y) = y**2 - 4*y + 1. Let h be u(3). Let l be h*(-3)/(6/k). What is the highest common factor of 35 and l?
5
Let i(w) = w**2 + 5*w. Let g be i(-5). Let n(z) = 4 + z + g*z - 3*z + z. Let v be n(0). Calculate the highest common factor of v and 16.
4
Suppose 2*z = -0*z + 6. Let m = 18 - z. Calculate the greatest common divisor of m and 3.
3
Let x be -2 - -1 - (-2 - 1). Let i(m) = m**2 - 7*m - 3. Let l be i(7). Let f be (40/12)/((-1)/l). Calculate the highest common factor of x and f.
2
Let g(z) = -3*z - 11. Let f be g(-8). Let a be (0 + -3)*13/(-3). Calculate the highest common divisor of a and f.
13
Let l(k) = k**2 - 5*k + 4. Let h be l(5). Suppose 12 = 4*b - 0*b, -208 = -5*s + 4*b. What is the highest common divisor of s and h?
4
Suppose 98 = 5*w - 52. Calculate the highest common divisor of 10 and w.
10
Suppose -g + 24 = q + 3*g, -4*q - 2*g = -96. Suppose -2*a - 3*c = -a - q, -4 = 4*c. Let f = a + -16. What is the highest common divisor of f and 99?
11
Let k = -78 - -108. Let f(g) = -3*g + 3. Let d be f(-3). Calculate the greatest common divisor of d and k.
6
Let h = 250 - 63. Let x(t) = -t**2 + 10*t - 4. Let s be x(3). Calculate the greatest common factor of s and h.
17
Let z(u) be the first derivative of u**4/4 - 5*u**3/3 - 5*u**2/2 + 6*u + 1. Let c be z(6). Let t be 753/9 + 1/3. What is the greatest common factor of c and t?
12
Let c(q) = -9*q - 2*q**2 + 14 + q**2 - 5. Let o be c(-8). What is the greatest common divisor of o and 136?
17
Let u(o) = -o**2 + 6. Let c be u(6). Let z be 4/10 - 5598/c. Calculate the greatest common divisor of z and 17.
17
Let t(s) be the first derivative of -2*s**2 - 6*s + 2. Let f be t(-7). Let d(c) = -27*c + 1. Let a be d(-2). Calculate the greatest common factor of a and f.
11
Suppose h - 95 = v - 2*v, 4*h + 16 = 0. Calculate the greatest common divisor of v and 9.
9
Let x be 4 + 42/(-9) - 136/(-6). What is the highest common factor of 176 and x?
22
Suppose -d + 5*g = -5, d - 4*d + 2*g = -54. What is the greatest common divisor of d and 100?
20
Let j be (3/(-2))/((-15)/190). Suppose 0 = 4*x - 16. Suppose n = -2*i + 9, -2*i - x*n + j = -n. What is the greatest common factor of 10 and i?
2
Suppose -2*z + 4 = -0. Let x be (0 - -4) + -2 + 2. Suppose 5*f - s = 277 + 55, -z*s = -x*f + 268. What is the highest common divisor of 6 and f?
6
Let z(p) = 3*p**2 + 3*p + 1. Let r(y) = -y**2 + y + 1. Let l(q) = -4*r(q) + z(q). Let k be l(3). What is the greatest common factor of k and 19?
19
Suppose 4*a = 11 + 237. Suppose 2*v = -0 + a. Calculate the greatest common factor of 279 and v.
31
Let m = 72 + 36. Let t(n) = n**2 + 5*n - 2. Let h(z) = z**3 - 5*z**2 + 2*z + 1. Let i be h(4). Let r be t(i). What is the highest common factor of m and r?
12
Let z = -41 - -47. Calculate the greatest common factor of 78 and z.
6
Let g be (2 - 0 - 0) + 17. Let y = 34 - g. Let h = y - 1. Calculate the highest common factor of h and 98.
14
Let p = -4 + 9. Suppose 4*f + 36 = 2*c, -3*c = -6*c - p*f + 65. What is the highest common factor of 80 and c?
20
Let n be (-2 + 24)*(-2 - -6). What is the greatest common factor of n and 8?
8
Let n(r) = 13*r**2 - 3*r + 3*r + 2*r. Let d be n(-2). Calculate the greatest common divisor of d and 32.
16
Suppose -3*y = 3, 4*u + 2*y + 697 = -3*y. Let g = u + 339. Suppose 4*j - p - g = 0, -3*j - 2*j - 5*p + 220 = 0. Calculate the highest common factor of 14 and j.
14
Let x be 72*(4 - 35/10). Calculate the greatest common factor of x and 54.
18
Suppose -7 = -4*z + 41. Suppose 131 - 41 = 3*c. What is the highest common divisor of z and c?
6
Let c = 21 - 13. Let p(d) = -d**2 + 5*d + 2. Let a be p(7). Let r = 60 - a. What is the greatest common divisor of r and c?
8
Let c be 6/(-9) + (-8)/(-12). Suppose -5*p = -c*p - 50. Calculate the greatest common divisor of p and 40.
10
Suppose 24*u = 17*u + 798. Calculate the highest common divisor of u and 6.
6
Let a(u) = u**3 - 7*u**2 + 6*u + 2. Let x be a(6). Suppose -4*r = -4*n + 57 + 3, -2*n = r - 39. Calculate the greatest common divisor of n and x.
2
Let j(t) = 3*t**3 + 4*t**2 + 4*t + 3. Let r(y) = y**2 + y + 1. Let u(q) = -j(q) + 3*r(q). Let f be u(-3). What is the highest common factor of f and 30?
15
Let z(v) be the first derivative of v**2 - v + 4. Let j be z(6). Calculate the highest common factor of 55 and j.
11
Let v(k) = k**3 + 6*k**2 + 6*k + 3. Suppose 2*q = 4 + 4, 2*x = 2*q - 16. Let n be v(x). Let g = 19 - n. What is the greatest common divisor of g and 4?
4
Suppose -2*i + 2 = -50. Let m = 16 + -3. Suppose 0 = 3*v - 4*v + m. Calculate the greatest common divisor of v and i.
13
Let i = 250 + -133. What is the highest common factor of 9 and i?
9
Suppose 0 = 19*i - 25*i + 396. What is the greatest common divisor of i and 528?
66
Suppose 7 = 3*o + 3*v - 8*v, -2*o + 3*v = -5. Suppose -3*b + 37 = 4*p, 4*b = p - o*p + 26. What is the greatest common factor of 90 and p?
10
Let i be ((-12)/8)/(3/(-4)). Suppose -3*t + 80 = i*p, t + 4 = -p + 44. Calculate the highest common divisor of p and 16.
8
Let c(k) = 4*k - 4. Let y(x) = x**2 - 8*x - 4. Let d be y(9). Let p be c(d). Calculate the greatest common factor of p and 24.
8
Let j be (-14)/35 + 104/10. What is the highest common factor of 90 and j?
10
Let g(b) = b + 19. Let w be g(3). Calculate the highest common divisor of w and 110.
22
Suppose 1310 = 15*f - 190. What is the greatest common divisor of f and 40?
20
Let l(a) = 2*a**2 + 18*a + 20. Let g be l(-9). What is the greatest common factor of 40 and g?
20
Let g = -23 - -38. Calculate the greatest common divisor of g and 105.
15
Suppose 3*m + s = 16, -s = -m - 3*s + 12. Suppose -m*d + 19 = -13. Let a(k) = 2*k + 12. Let l be a(-2). Calculate the highest common factor of l and d.
8
Let i(h) = 7*h + 6. Let n be i(3). Calculate the highest common factor of 297 and n.
27
Suppose -2*w + 14 - 4 = 0. Suppose 0 = -0*l + w*l - 140. Let c be 1 + -2 + 1 + 4. Calculate the highest common factor of l and c.
4
Let k = -109 - -186. Calculate the greatest common divisor of k and 11.
11
Let q be -2*(3 - -1 - 3). Let y be 29/2 + q/4. Calculate the highest common factor of y and 14.
14
Let g = 44 + -21. Suppose 4*m - 13 = g. Calculate the greatest common factor of 90 and m.
9
Let i(t) = 78*t*